96
Let o(s) = -s**3 + 1694*s**2 - 85361*s - 37761. Determine o(1642).
5
Let p(s) = -42*s**2 - 325*s + 64. What is p(-8)?
-24
Let v(w) = w**3 - 143*w**2 + 482*w - 8684. Calculate v(140).
-4
Let a(c) = 5189*c - 118704. Determine a(23).
643
Let r(a) = 187*a + 42522. What is r(-228)?
-114
Let q(v) = -1730*v + 30903. Calculate q(15).
4953
Let q(x) = 12*x**2 - 1545*x + 6079. What is q(4)?
91
Let o(b) = -123*b**2 - 128*b + 27. Calculate o(2).
-721
Let u(i) = -i**3 - 24*i**2 + 37*i + 33. What is u(-17)?
-2619
Let l(t) = 104804*t + 11318829. Give l(-108).
-3
Let h(n) = -23*n**2 - 420*n - 1686. What is h(-6)?
6
Let v(j) = -1025*j - 54560. Determine v(-54).
790
Let f(c) = 220*c**3 - 3*c**2 + 19*c - 29. Give f(2).
1757
Let a(g) = 19264*g + 38522. Give a(-2).
-6
Let p(d) = -182258*d + 1640327. Give p(9).
5
Let s(o) = -o**3 + 20*o**2 - 111*o + 1780. What is s(21)?
-992
Let f(n) = -1390*n - 18046. What is f(-13)?
24
Let m(q) = 22248*q - 198622. What is m(9)?
1610
Let l(s) = 7*s + 148. Give l(82).
722
Let t(p) = -230*p + 12101. Give t(53).
-89
Let z(q) = -26815*q + 187854. Give z(7).
149
Let y(a) = 17*a**3 + 328*a**2 - 724*a - 4. Calculate y(2).
-4
Let f(z) = -z**2 + 294*z - 2872. Determine f(10).
-32
Let y(f) = f**2 + 317*f - 642. Give y(2).
-4
Let y(f) = -3457812*f - 3457821. Give y(-1).
-9
Let m(o) = 576*o - 575. Calculate m(3).
1153
Let r(a) = -652*a**2 + 132*a - 259. Determine r(2).
-2603
Let p(q) = 4*q**3 - 57*q**2 - 73*q - 637. Determine p(16).
-13
Let o(c) = -5*c**3 + 7*c**2 - 50*c + 78. Give o(6).
-1050
Let s(a) = 7*a**3 + 16*a**2 - 802*a + 147. Calculate s(-12).
-21
Let p(c) = 48690*c - 7. What is p(0)?
-7
Let t(r) = -805*r + 276111. Give t(343).
-4
Let h(x) = x**2 - 382*x - 20692. Calculate h(-49).
427
Let h(y) = 97*y + 553. Calculate h(-5).
68
Let f(c) = -c**3 + 769*c**2 + 23970*c - 4. Determine f(-30).
-4
Let n(t) = -659*t - 2820. What is n(-4)?
-184
Let i(u) = -u**3 + 158*u**2 - 1326*u - 2254. Calculate i(149).
-19
Let o(k) = -516*k - 4123. Give o(-8).
5
Let a(d) = 13451*d + 295908. What is a(-22)?
-14
Let k(d) = d**3 + d**2 - 1024*d + 7094. Determine k(7).
318
Let a(w) = -12*w**2 + 1328*w - 1946. What is a(109)?
234
Let y(u) = -u**2 + 112*u + 44845. Give y(-163).
20
Let l(z) = -796*z + 12201. Give l(16).
-535
Let f(n) = -n**2 + 14*n + 1262. Calculate f(-34).
-370
Let o(i) = -6240*i + 343605. Determine o(55).
405
Let a(w) = 175016*w - 175210. Determine a(1).
-194
Let g(v) = 321*v**2 - 4175*v + 12. Calculate g(13).
-14
Let m(q) = -101*q - 11269. What is m(-103)?
-866
Let b(t) = t**3 + 45*t**2 - 152*t - 2732. What is b(-47)?
-6
Let p(x) = -298*x - 2635. Give p(-15).
1835
Let i(x) = -2942*x + 4296. Calculate i(1).
1354
Let c(k) = -5379*k - 4673. What is c(-1)?
706
Let w(c) = c**3 - c**2 + 90*c - 682. Give w(6).
38
Let y(m) = 4*m**2 - 961*m - 6941. What is y(-7)?
-18
Let d(k) = 2407*k**2 - 9643*k + 45. Calculate d(4).
-15
Let p(t) = -21*t**2 - 2503*t - 62075. What is p(-84)?
1
Let b(m) = 8*m**2 - 3272*m + 22606. Calculate b(402).
94
Let j(w) = -2*w**3 - 77*w**2 - 43*w + 52. Calculate j(-38).
242
Let g(a) = -2*a**3 + 91*a**2 + 199*a - 2824. What is g(47)?
-98
Let s(b) = 209*b**2 + 557*b - 8916. Calculate s(-8).
4
Let r(n) = -1275*n + 42022. Give r(33).
-53
Let t(z) = 3*z**2 + 107*z - 2539. Determine t(16).
-59
Let t(l) = 2*l**3 - 181*l**2 - 2358*l + 1212. What is t(102)?
-12
Let a(s) = s**2 + 452*s + 42803. Give a(-135).
8
Let s(d) = d**3 - 136*d**2 - 223*d - 7463. Calculate s(138).
-149
Let x(f) = -345*f**3 + 2417*f**2 - 21*f + 15. Give x(7).
-34
Let y(m) = 19*m**2 + 1768*m + 92. Give y(-93).
-1
Let g(m) = -m**3 + 20*m**2 + 27*m - 257. What is g(8)?
727
Let z(s) = -s**3 - 181*s**2 + 2443*s + 472136. What is z(-180)?
-4
Let b(v) = 110630*v + 774397. Give b(-7).
-13
Let s(p) = 2*p**2 - 166*p + 1645. What is s(12)?
-59
Let a(u) = -15*u**2 - 154*u - 56. Calculate a(-10).
-16
Let v(b) = b**3 - 11*b**2 + 146*b - 1295. What is v(9)?
-143
Let k(t) = -t**3 - 11*t**2 - 59*t - 198. What is k(-8)?
82
Let s(b) = -159*b - 58351. Give s(-359).
-1270
Let l(x) = 39686*x - 317441. What is l(8)?
47
Let d(a) = 97*a - 15478. What is d(154)?
-540
Let h(b) = 6*b**3 + 34*b**2 + 19*b - 11. Determine h(-5).
-6
Let m(u) = u**3 - 38*u**2 - 822*u + 4896. Determine m(52).
8
Let t(p) = -13*p**2 - 1407*p - 1623. Give t(-107).
89
Let z(m) = -m**2 - 144*m + 4233. Give z(33).
-1608
Let m(t) = -4*t**2 + 848*t + 6216. Determine m(219).
84
Let k(v) = v**3 + 70*v**2 + 731*v - 9014. Determine k(-53).
-4
Let o(b) = b**3 + b**2 + 5263*b - 26350. Give o(5).
115
Let k(h) = 118*h + 28238. Give k(-240).
-82
Let c(s) = 21*s - 5440. What is c(53)?
-4327
Let m(j) = -17427*j + 139383. Determine m(8).
-33
Let u(a) = 13739*a - 343795. What is u(25)?
-320
Let l(a) = -6*a**3 - 130*a**2 - 77*a - 18. Determine l(-21).
-165
Let v(o) = -o**3 - 97*o**2 - 465*o + 748. Determine v(-92).
1208
Let t(i) = 14*i**3 - 23*i**2 + 22*i - 11. What is t(1)?
2
Let l(h) = -16*h**3 - 1886*h**2 + 238*h + 41. What is l(-118)?
-195
Let q(v) = v**2 + 170*v - 2733. Give q(-175).
-1858
Let n(g) = -38*g**2 + 209*g + 639. Give n(-3).
-330
Let m(c) = 2*c**2 - 538*c + 23225. Give m(54).
5
Let i(v) = 21*v**2 - 6296*v + 11357. What is i(298)?
33
Let v(o) = -92*o + 2023. What is v(23)?
-93
Let z(a) = 1014*a + 13281. Determine z(-13).
99
Let m(t) = 2*t**2 - 366*t - 11683. Determine m(-30).
1097
Let r(o) = 179*o**3 - 6*o**2 - 65*o - 115. Determine r(-2).
-1441
Let g(f) = 393*f - 389065. Give g(990).
5
Let h(f) = -223*f**2 - 6591*f - 15477. Determine h(-27).
-87
Let z(c) = 245*c - 8572. Give z(35).
3
Let k(f) = -873*f - 7447. Calculate k(-7).
-1336
Let i(v) = 12*v**2 + 29989*v + 59982. Determine i(-2).
52
Let u(w) = 8*w**3 - 263*w**2 - 314*w + 9004. What is u(33)?
-269
Let d(z) = -z**3 - 8*z**2 + 10*z - 136. What is d(-12)?
320
Let u(s) = 22598*s + 248569. Determine u(-11).
-9
Let i(d) = 65619*d + 1509223. Calculate i(-23).
-14
Let w(m) = 15*m**3 + 34088*m**2 + 18178*m + 4538. Give w(-2272).
-6
Let g(s) = 2506*s + 235747. What is g(-94)?
183
Let b(x) = -888*x - 57605. What is b(-64)?
-773
Let l(y) = -2*y**3 + 81*y**2 + 201*y - 9643. Determine l(40).
-3
Let l(w) = -49*w**2 + 3310*w - 1799. Determine l(67).
10
Let o(n) = -58075*n + 348535. What is o(6)?
85
Let v(h) = 10888317*h - 54441586. Calculate v(5).
-1
Let p(h) = 9*h**2 - 46*h + 173. What is p(10)?
613
Let p(c) = -32*c**3 + c**2 + 52*c - 54. Give p(1).
-33
Let n(w) = -w**2 + 4490*w + 2456634. Determine n(-493).
15
Let s(t) = -7*t**3 + 10*t**2 + 10*t + 37. Calculate s(-5).
1112
Let u(q) = q**3 - 65*q**2 + 142*q - 1019. Give u(63).
-11
Let l(r) = 55448*r + 55469. Determine l(-1).
21
Let j(z) = -z**3 + 16*z**2 + 338*z - 5468. Determine j(18).
-32
Let t(o) = o**3 + 9*o**2 - 402*o - 2127. Give t(-5).
-17
Let a(j) = 57*j**2 - 9628*j - 824. What is a(169)?
21
Let k(w) = 519*w - 31104. What is k(60)?
36
Let b(i) = 2*i**3 - 161*i**2 + 55*i + 1981. Give b(80).
-19
Let j(q) = -q**2 - 7127*q + 49958. Give j(7).
20
Let q(w) = 2648*w - 23831. Determine q(9).
1
Let z(q) = -1706*q - 5184. Calculate z(-3).
-66
Let c(d) = 977*d**2 + 151*d + 135. Give c(-1).
961
Let t(k) = k**3 - 20*k**2 - 225*k + 1778. Determine t(26).
-16
Let h(n) = -331*n - 10921. Calculate h(-36).
995
Let c(h) = 35*h**2 + 1170*h + 2191. Give c(-2).
-9
Let t(o) = 214*o**2 + 10715*o + 672. Determine t(-50).
-78
Let o(g) = -454*g - 2500. Determine o(-6).
224
Let l(c) = 3*c**3 - 173*c**2 + 115*c - 80. Give l(57).
-23
Let q(x) = 93*x**2 - 5099*x - 286. What is q(55)?
594
Let a(r) = r**3 + 176*r**2 + 5885*r - 12347. What is a(-130)?
3
Let s(k) = 38*k**3 - 1152*k**2 + 364*k - 131. Give s(30).
-11
Let a(u) = -797*u**2 - 2910*u + 1118. Determine a(-4).
6
Let s(z) = 3205*z + 70717. Give s(-22).
207
Let z(i) = 9268*i + 4216942. Determine z(-455).
2
Let h(u) = -u**2 - 417*u - 10014. Give h(-29).
1238
Let c(b) = -4*b**2 - 319*b - 5944. Calculate c(-38).
402
Let w(i) = -2*i**2 - 117*i - 453. What is w(-61)?
-758
Let o(t) = -2*t**2 + 2252*t - 72155. Calculate o(33).
-17
Let w(t) = -2*t**2 + 1141*t - 20280. Give w(18).
-390
Let y(m) = m**2 - 2995*m + 255816. Give y(88).
0
Let l(d) = -5415*d**2 + 113684*d + 660. Give l(21).
9
Let v(i) = -3*i**2 - 240*i + 437634. Give v(-424).
66
Let q(v) = 2*v**3 + 12*v**2 + 224*v + 1599. Determine q(-7).
-67
L